) = -23*t**3 - 5*t**2 + 7*t + 5. Let k(l) = -11*l**3 - 3*l**2 + 4*l + 3. Let n(b) = -5*k(b) + 3*m(b). Determine n(1).
-13
Suppose 23*j - 88 = 19*j. Let r(i) = -i + 20. Let n be r(j). Let t(o) be the third derivative of -o**5/60 - o**4/12 + o**2. Calculate t(n).
0
Let j(y) be the first derivative of -y**4/4 + 8*y**3/3 - 4*y**2 + 816. Suppose 3*x = 25 - 4. Determine j(x).
-7
Suppose 44 = 3*x - 10. Let q be 24/x*(-3)/(-2). Let d(g) = 6*g - 2 + 3*g**3 - 2*g**3 - q*g - 4*g**2 - g. Give d(2).
-4
Let h(r) be the first derivative of 5/2*r**2 - 4 - 1/3*r**3 + 2*r. Calculate h(5).
2
Let p(t) = t + 10. Let v(o) = 6*o**3 - 2*o**3 + o + o**2 + 2*o**3 + 1. Let h be v(-1). What is p(h)?
5
Suppose 43*i - 27 = 34*i. Let w(o) = -o**3 + 7*o**2 + o - 3. Give w(i).
36
Let k = -68 + 67. Let g be 0/k*(5 - 6). Let m(i) = -i**2 + 4. Give m(g).
4
Let z(x) = 26*x - 314. Let n be z(12). Let t(d) be the first derivative of d**3/3 + 3*d**2/2 + d - 1. Give t(n).
-1
Suppose -y + 3 = 2*n, 3*n + 1 = 5*y - 1. Let z(l) = -34*l - 2*l**2 - 2 + 36*l + l**2 - 9*l**3. Let j(o) = o**2 + 1. Let x(q) = j(q) + z(q). Give x(y).
-8
Let m = -28 - -31. Let x(k) = -k**2 - 5*k + 3*k**2 - 1 - 2*k + m*k. Calculate x(3).
5
Let s = -360 + 356. Let h(q) = -q**2 - 3*q - 2. Give h(s).
-6
Let w(m) be the third derivative of -m**5/20 - m**4/8 + m**3/3 + 2770*m**2 - 2. Let y be (-16)/6 + (-2)/6. What is w(y)?
-16
Suppose -5*g - 3*f + 6 = 0, -f - 3 = 3*g + 3*f. Let v(k) = -3 + 3*k**3 + g*k**2 + 4 + 0*k**3 - k - 2*k**3. Calculate v(2).
19
Let v(l) = l**2 + 10*l + 20. Suppose 2*p + 4*t + 4 = 6, p + 5*t = 13. Determine v(p).
-1
Suppose -17 = -5*t + 13. Suppose -6*p - t + 0 = 0. Let k(l) = -19*l - 1. What is k(p)?
18
Suppose -6*j = -3*j + 12. Let p = 12 - 8. Let y(r) = -r**2 + 11 - p*r - 3*r - 15. Determine y(j).
8
Let t = -17 + 19. Let f(d) = -4 + 5 - t*d + 5 - 10. Let a = 2 - 6. Give f(a).
4
Let o be 2/4 - (-7)/(-2). Let i(g) be the third derivative of -g**5/30 - g**4/8 + g**3/3 + 105*g**2. Determine i(o).
-7
Let y(a) = 0 + 3 + 2*a - 4. Let k = -5074 - -5073. Determine y(k).
-3
Let r be ((-30)/8)/(6/(-16)). Suppose -3*c - 4*x - 20 = -2*c, 2*c + 2*x + r = 0. Let l(a) = 13 + a**2 - 2*a**2 + a - 4 + 3. Determine l(c).
12
Suppose -3*w + g - 6 = -3, g + 1 = -w. Suppose -5*l = -3*v - 8, -4*l = v - 7 + 4. Let a(h) = 9*h + l + 3*h**3 + 2*h**2 - 8*h - 1. Determine a(w).
-2
Let r(f) be the second derivative of f**6/360 + 13*f**5/120 + f**4/8 - f**3/3 + 20*f. Let s(v) be the second derivative of r(v). What is s(-13)?
3
Suppose -5*c + 3 = -2*m, -7*m + 3*c + 2 = -2*m. Let j(n) = -2*n**2 + 3*n**2 + 3*n**3 + 64 - 2*n - 63. Calculate j(m).
3
Suppose -2*w + 2 = -2. Suppose 2*r + 2 = -w. Let i(s) be the first derivative of -s**2 + 2*s - 6. Give i(r).
6
Let v(z) = -z**3 + 8*z**2 + 6*z. Let l(p) = p**3 - p**2 - 2*p + 1. Let b(u) = -2*l(u) - v(u). Give b(-5).
-17
Let a(w) = 6*w + 2. Let h(z) = 27*z + 9. Let k(o) = 4*a(o) - h(o). Let q = -13 + 18. Give k(q).
-16
Suppose 41*b - 44*b + 12 = 0, -3*m + 4*b - 31 = 0. Let z(t) be the first derivative of t**4/4 + 5*t**3/3 - t**2/2 + 6*t + 1. Determine z(m).
11
Let l(y) = -5*y**3 + 3*y**2 - 6*y - 15. Let c(b) = -14*b**3 + 10*b**2 - 17*b - 44. Let w(a) = 6*c(a) - 17*l(a). Give w(-9).
-9
Let m(d) be the second derivative of -d**5/20 + d**4/3 + d**3/2 + 697*d. Give m(5).
-10
Let c(m) = -7 - 6*m - 5*m - 6*m + 6*m. Let y(q) = 10*q + 6. Let s(h) = -5*c(h) - 6*y(h). Determine s(-1).
4
Let p(x) = -11*x - x**3 - 8*x**2 + x + 11 - 6. Calculate p(-6).
-7
Let r(c) = c**3 - 4*c**2 + 5*c - 1. Let q = 149 + -146. Determine r(q).
5
Let f(j) = j**2 - 4*j - 1. Let d = 669 - 666. Determine f(d).
-4
Let s(q) be the second derivative of 13*q**3/6 + q**2/2 + 25*q + 2. Give s(1).
14
Let p(u) = 3*u**2 - 5*u - 6. Let o(b) be the third derivative of b**5/60 + b**4/24 + 18*b**2. Let w(t) = -2*o(t) + p(t). Give w(7).
-6
Let j(r) = -3*r**3 + 2*r**2 + r. Suppose 3*c - 36 + 12 = 0. Suppose 3*u + u = c. Suppose -4*n = 4*w - 4, -n = -u*n + 4*w - 9. Give j(n).
4
Let h(d) = -13*d**2 + 8*d - 12. Let y(o) = -5*o**2 + 3*o - 4. Let t = 10 - 7. Let r(v) = t*h(v) - 8*y(v). Calculate r(5).
21
Let m(o) = o**3 - 3*o**2 - o - 3. Let c(n) = -n. Suppose -9*q + 6*q = -12. Let i(g) = q*c(g) - m(g). What is i(3)?
-6
Let q(p) = 19*p - 162*p**2 + 68*p**2 + 96*p**2 + 20. Give q(-8).
-4
Let h(y) = 2 - 2 - 12*y + 2*y. Let k be -1 - (2 + -2)/(-4). What is h(k)?
10
Let k(w) = 6*w**3 - 16*w**2 - 16*w - 14. Let h(s) = -5*s**3 + 15*s**2 + 15*s + 13. Let q(c) = -5*h(c) - 4*k(c). Let x be 9 + 8 - (10/(-1))/(-2). What is q(x)?
3
Suppose 5*o - 7 = 4*o. Let l(z) be the first derivative of -z**2 - 5*z + 6844. Give l(o).
-19
Let u(w) = w + 11. Let t(g) = -80*g - 90. Let a be t(-1). What is u(a)?
1
Suppose c + 2*c + 9 = 0. Let h be (4/(-1) - c) + 2. Let u(g) = 4 + h + g - 6 - 1. What is u(3)?
1
Let b(t) be the first derivative of -t**4/4 - 11*t**3/3 + t**2/2 + 10*t + 76. Determine b(-11).
-1
Let c be 39/(-3)*(-1 + 2). Let a be (6/6)/(4/52). Let d = c + a. Let q(k) = k**2 + k - 3. Give q(d).
-3
Let j = 2287 + -2286. Let a(w) = w**3 - 5*w + 4. Determine a(j).
0
Let n(j) = -2 + 94*j - 185*j + 95*j. Determine n(-2).
-10
Let w(n) = -13*n**2 + 5*n**2 - 8*n**3 + 23*n**3 + 10*n + 3 - 16*n**3. Determine w(-9).
-6
Let c(r) = -2*r**3 + 14*r**2 + 14*r + 8. Let b(i) = 3*i**3 - 15*i**2 - 15*i - 8. Let d(n) = -3*b(n) - 4*c(n). Determine d(-10).
2
Suppose 8*l - 3*l = 15. Let u(y) = 11*y - 5 - 10*y + 4 + l. Give u(0).
2
Let n(x) = -x**3 + 4*x**2 - 3*x + 1. Let g = -615 - -617. Calculate n(g).
3
Let k be 3/(6/14*21/24). Let d(f) = f**3 - 7*f**2 - 8*f - 11. Give d(k).
-11
Let r(w) be the second derivative of 1/2*w**4 - 19*w + 0 - 3/2*w**2 + 1/6*w**3 - 1/20*w**5. What is r(6)?
3
Let l(a) = 3*a**3 + a**2 - a - 1. Let q be l(-1). Let g be q/15 + 96/45. Let x(z) = 1 + 4*z**2 + 3*z**2 - 3*z**g. Give x(1).
5
Let h = -5 + 20. Suppose 3*n - h = -y, -3*y - 2*n + 2 = -5*y. Let m(t) = -y + 5*t**2 - 8*t + 4*t**3 - 3*t**3 + 2*t. What is m(-6)?
-3
Let a(i) be the third derivative of -i**4/24 - 5*i**3/3 - 37*i**2 + 2. Let n be (-2)/4 + 30/(-4). Give a(n).
-2
Suppose 2*z + 0*z + 10 = 0. Let v(q) = 0*q + 3*q - 2*q - 2*q. Let r(a) = -4*a + 9. Let o(d) = r(d) - 5*v(d). Calculate o(z).
4
Let q(r) = -3*r**2 - r - 1. Suppose 7*y - 8 = 13. Suppose 12*m = -9 - y. Calculate q(m).
-3
Let d be (16/20)/((-2)/(-5)). Let u(m) = 0*m**d + 0*m**2 - 26 - m**2 + 6*m + 32. Let k(a) = -a - 1. Let f be k(-6). Determine u(f).
11
Let s(g) = g**3 + 5*g**2 - 6. Let l(u) = -u**2 - 9*u - 4. Let f be l(-6). Let w = 120 + -186. Let n be w/f - (-6)/(-21). Determine s(n).
-6
Let b(z) = -z + 2. Let j(t) = t**2 + 28. Let q(i) = 6*i**2 - i + 140. Let h(x) = -11*j(x) + 2*q(x). Let s be h(-4). Determine b(s).
6
Let r(i) = i**2 + 4*i - 12. Let z be r(-6). Let m(b) be the third derivative of b**5/60 - b**4/24 - b**3/6 - 5*b**2. Determine m(z).
-1
Let h(j) be the third derivative of 5/6*j**3 + 0*j + 1/15*j**5 + 0 - 1/24*j**4 + 1/120*j**6 + 14*j**2. What is h(-5)?
-15
Let s(n) = n - 1. Let t be s(2). Suppose b + 3 = -0*b + d, -3*d = -b + t. Let r be (-1 + -14)*(-2)/b. Let f(o) = o**3 + 6*o**2 - o. Calculate f(r).
6
Let y(x) = 5*x**3 - 4*x**2 - 9. Let j(d) = 21*d**3 - 17*d**2 - 41. Let p(u) = 2*j(u) - 9*y(u). Determine p(1).
-2
Let p(h) = h**3 - 2*h**2 - 3*h. Let k = 8 - 1. Suppose 0 = -3*s + 2*g, -k*g + 3*g = -4*s. Suppose -3*i + 9 + 0 = s. What is p(i)?
0
Let i(n) = 2*n**2 - 13*n + 25. Let r(g) = g**2 - 6*g + 13. Let k(y) = -3*i(y) + 5*r(y). Let b be ((-1)/2)/(108/(-1728)). Calculate k(b).
-2
Let z(w) = -19*w**3 + 2*w**2 - w. Let c be (0 + 4 - -1)*-1. Let b be -8 + ((-15)/c)/3. Let t be (b - -2)/5*-1. Calculate z(t).
-18
Let j(l) = l**3 - 6*l**2 - 3*l + 9. Suppose -5*v + 10*v + 20 = 0. Let y be (v - -11) + 4/(-4). Determine j(y).
-9
Let m(r) = r + 1. Let i be (-34)/(-6) + ((-8)/4)/(-6). Let k be -6*i/(-108)*-3. Give m(k).
0
Let w(b) = -b**2 + 3*b - 2. Let i be w(4). Let y(q) = q**3 + 6*q**2 - q - 2. Calculate y(i).
4
Let x(v) = 2*v**3 + 14*v**2 - v - 5. Let t(p) = 1. Let y(j) = -3*t(j) + x(j). What is y(-7)?
-1
Let t(d) = -5*d**2 - d. Suppose 72 = -6*h + 66. What is t(h)?
-4
Suppose -5*y + 7 = -18. Let q(k) be the second derivative of -k**4/12 + k**3 + 7*k**2/2 - 2499*k. Determine q(y).
12
Let t be 16/3 + 19/(-57). Suppo